at is -12221 - 3201?
-22022
In base 15, what is 5eb - 316?
2d5
In base 10, what is 1750 - 80?
1670
In base 4, what is -10200320 - 202?
-10201122
In base 4, what is -3 + 120132131?
120132122
In base 2, what is -11110111100 + 10?
-11110111010
In base 11, what is 27289 - -13?
272a1
In base 8, what is -4256 - 3161?
-7437
In base 8, what is 636427 - 3?
636424
In base 15, what is 86c51 + -4?
86c4c
In base 2, what is -11 - -110011110011?
110011110000
In base 7, what is 24406 - 16?
24360
In base 12, what is 1 + -8498?
-8497
In base 3, what is 2010220211 + 200?
2010221111
In base 5, what is -132 - 30110?
-30242
In base 2, what is -1101111 - 110110111011101?
-110111001001100
In base 14, what is 912 + -3?
90d
In base 6, what is 133 + 41031?
41204
In base 7, what is 6 - 325140?
-325131
In base 11, what is -244 - 0?
-244
In base 6, what is 4012025 - 25?
4012000
In base 16, what is 3 - -1c71c?
1c71f
In base 13, what is b1aa6 - 6?
b1aa0
In base 5, what is 14442310 - 1?
14442304
In base 16, what is -8f + 125?
96
In base 11, what is 400853 + 0?
400853
In base 11, what is -4 + 228104?
228100
In base 6, what is -1001330 - 2?
-1001332
In base 6, what is 10021 + -4021?
2000
In base 9, what is 22 + -14028?
-14006
In base 2, what is -100101101101 + -10011011?
-101000001000
In base 8, what is 5 + 1425530?
1425535
In base 8, what is 214 + 1103?
1317
In base 2, what is 110011101011 - -1111?
110011111010
In base 5, what is -22 - -222014?
221442
In base 12, what is -55 - -3a8?
353
In base 7, what is -362 + -4044?
-4436
In base 5, what is -21222312 - 132?
-21222444
In base 8, what is -3034 + 1551?
-1263
In base 10, what is 600 - -279?
879
In base 3, what is -11 - 10220001210?
-10220001221
In base 5, what is 1432331103 + -4?
1432331044
In base 5, what is 13004 - 12043?
411
In base 8, what is 61 - 171221?
-171140
In base 13, what is 19a - -3cc0?
418a
In base 2, what is 101001001010000111011 - -101?
101001001010001000000
In base 10, what is -10 + -248893?
-248903
In base 9, what is 136154 - -2?
136156
In base 2, what is -10110111100010 + -1110?
-10110111110000
In base 8, what is -55307 - 5?
-55314
In base 11, what is -79 - -2492?
2414
In base 16, what is -e96 + -23a?
-10d0
In base 10, what is -1 - -138967?
138966
In base 10, what is 164515 - -4?
164519
In base 4, what is 3 + 11132223?
11132232
In base 9, what is -673 - -21?
-652
In base 10, what is -13512 + 1?
-13511
In base 11, what is 32778 + -2?
32776
In base 4, what is 2 - -1001333101?
1001333103
In base 3, what is 1101010012 - -101?
1101010120
In base 16, what is -e8 + 51?
-97
In base 6, what is 3 + 10341054?
10341101
In base 16, what is -91 + 7e?
-13
In base 16, what is -52e + a2?
-48c
In base 3, what is 121120110 + 102?
121120212
In base 16, what is -5f91 - -a?
-5f87
In base 16, what is -64 + 1b?
-49
In base 5, what is -2030202 + 11?
-2030141
In base 8, what is -4 + 314231?
314225
In base 4, what is 11020200 - 11?
11020123
In base 16, what is 5ed8 - -3?
5edb
In base 9, what is -5 - -5276?
5271
In base 4, what is -3 - 1332202?
-1332211
In base 5, what is 2 + -12131030?
-12131023
In base 15, what is 15274 - 2?
15272
In base 5, what is 4 + -202014204?
-202014200
In base 10, what is 37007 - -5?
37012
In base 5, what is 34012032 + 3?
34012040
In base 9, what is 0 - -135613?
135613
In base 6, what is 24444 - 3?
24441
In base 5, what is -204332422 + 1?
-204332421
In base 11, what is 5 + 63960?
63965
In base 11, what is -124832 - 5?
-124837
In base 7, what is 21 - 54?
-33
In base 11, what is 3 - -29832?
29835
In base 4, what is 313022 - 20?
313002
In base 5, what is 0 + -1223231?
-1223231
In base 5, what is 3 + -1042342?
-1042334
In base 6, what is 40223 - -2214?
42441
In base 5, what is -144 + 122042?
121343
In base 2, what is -110010100 - -11100000?
-10110100
In base 16, what is 65 + -55dc?
-5577
In base 3, what is 2 - 12121222012?
-12121222010
In base 2, what is 0 - -11000100100011101010?
11000100100011101010
In base 5, what is 3021402 - -42?
3021444
In base 9, what is 340336 + -1?
340335
In base 16, what is b1a - 2?
b18
In base 14, what is -27a + 32a?
90
In base 10, what is 133 - 2?
131
In base 15, what is -30a2 + 36?
-306b
In base 10, what is 1087366 + 5?
1087371
In base 5, what is 1221 + -304331?
-303110
In base 14, what is -1 - -7375?
7374
In base 12, what is 7 - -34a4?
34ab
In base 5, what is 3313 + -1012?
2301
In base 14, what is 406d - 1?
406c
In base 16, what is 1 - -187f4?
187f5
In base 9, what is 1 - -25561?
25562
In base 8, what is -11 - 237606?
-237617
In base 12, what is -b3 - -3198?
30a5
In base 10, what is 422363 - 9?
422354
In base 15, what is -1752 - -9?
-1748
In base 6, what is -44321 - 111?
-44432
In base 6, what is 30 - 132551?
-132521
In base 5, what is 30112 + 1043?
31210
In base 15, what is 4 + -c495?
-c491
In base 6, what is 5 + -301211?
-301202
In base 10, what is 22 - 6313?
-6291
In base 2, what is 101100011 + 111110?
110100001
In base 11, what is 489 + 26a?
748
In base 4, what is -133002 + 0?
-133002
In base 9, what is -2134 + 21?
-2113
In base 7, what is 4 + -1243105?
-1243101
In base 11, what is -1 + -169026?
-169027
In base 4, what is -2 + 1321230312?
1321230310
In base 12, what is 72764 + 3?
72767
In base 5, what is 10412240 + 4?
10412244
In base 3, what is -202100020 - -12?
-202100001
In base 9, what is 83 + 22417?
22511
In base 7, what is -10 + 25261?
25251
In base 15, what is -16359 + -5e?
-163b8
In base 14, what is 7 + 4c64?
4c6b
In base 6, what is 14 + 2325414?
2325432
In base 15, what is -12 - -8064?
8052
In base 3, what is -10 + -21112020?
-21112100
In base 14, what is 13 - -4706?
4719
In base 3, what is 221220111 - 10001?
221210110
In base 2, what is -1000000111000010 + 1011?
-1000000110110111
In base 8, what is 12 + 41727?
41741
In base 14, what is 25c4 + -88?
253a
In base 12, what is 1 + 4884?
4885
In base 7, what is -31 + 32411?
32350
In base 6, what is -100500 - 24?
-100524
In base 12, what is 2452 + -9?
2445
In base 16, what is -30c - -4b?
-2c1
In base 5, what is 24041 - 24?
24012
In base 14, what is 5 - 78d13?
-78d0c
In base 14, what is 53764 + -1?
53763
In base 7, what is -24 + -6505?
-6532
In base 12, what is -3 + 15ba?
15b7
In base 10, what is -1494 - 200?
-1694
In base 11, what is 1a + -29187?
-29168
In base 7, what is -214 - 33026?
-33243
In base 9, what is -545 - 30?
-575
In base 3, what is -1 - 11021?
-11022
In base 7, what is -642203 - 2?
-642205
In base 11, what is -8 - 275a?
-2767
In base 9, what is 8275 - -114?
8400
In base 10, what is -2035 + 1340?
-695
In base 15, what is -22 + -c29?
-c4b
In base 7, what is -656542 - 3?
-656545
In base 11, what is 4 + -a208?
-a204
In base 3, what is 1020012112 - -12?
1020012201
In base 2, what is -110101111101111 - -100?
-110101111101011
In base 2, what is 10 - 111011011110?
-111011011100
In base 15, what is 37e31 - 2?
37e2e
In base 12, what is 441a + -5b?
437b
In base 12, what is -153597 + 4?
-153593
In base 12, what is 2a3 - -333?
616
In base 4, what is 1130 - 112200?
-111010
In base 14, what is 35b + -9d5?
-678
In base 3, what is 121000210 + 2122?
121010102
In base 13, what is -8824 - -1?
-8823
In base 7, what is 1051 + 23?
1104
In base 14, what is -103bb - 5?
-103c2
In base 2, what is -1100100000100010 + 100101?
-1100011111111101
In base 3, what is 12 - 120001010?
-120000221
In base 16, what is -51 - 110d?
-115e
In base 3, what is -122201000 - -1211?
-122122012
In base 5, what is 0 + 1332303?
1332303
In base 12, what is -593 + -51?
-624
In base 5, what is 11441344 + 3?
11441402
In base 14, what is 44 - -3d9?
43d
In base 16, what is -4 - 1397b?
-1397f
In base 7, what is -21215 - -4?
-21211
In base 2, what is -1000011001011000 - 0?
-1000011001011000
In base 14, what is -2 + 93d5?
93d3
In base 12, what is 7b + -46a?
-3ab
In base 9, what is 0 + 6238?
6238
In base 10, what is -26 + -1643?
-1669
In base 5, what is -2344222 - -20?
-2344202
In base 15, what is -36c5e + 7?
-36c57
In base 12, what is 7 + -1000aa?
-1000a3
In base 13, what is 3 + 5b86?
5b89
In base 6, what is -32 - -100512?
100440
In base 9, what is 647 + 5?
653
In base 4, what is -12213 - -31220?
13001
In base 3, what is 2 - -221212212?
221212221
In base 13, what is -5 - -5b9c4?
5b9bc
In base 6, what is -214410 + 4?
-214402
In base 9, what is -37 + 83?
45
In base 5, w